{"id":229,"date":"2017-04-25T06:14:05","date_gmt":"2017-04-25T09:14:05","guid":{"rendered":"https:\/\/dnareference.com.br\/laboratorio\/?page_id=229"},"modified":"2017-04-30T08:33:05","modified_gmt":"2017-04-30T11:33:05","slug":"livros","status":"publish","type":"page","link":"https:\/\/dnareference.com.br\/laboratorio\/publicacoes\/livros\/","title":{"rendered":"Livros"},"content":{"rendered":"<p>[et_pb_section bb_built=&#8221;1&#8243; admin_label=&#8221;Se\u00e7\u00e3o&#8221; fullwidth=&#8221;on&#8221; specialty=&#8221;off&#8221;][et_pb_fullwidth_post_title admin_label=&#8221;T\u00edtulo da Publica\u00e7\u00e3o de Largura Inteira&#8221; title=&#8221;on&#8221; meta=&#8221;off&#8221; author=&#8221;off&#8221; date=&#8221;off&#8221; categories=&#8221;off&#8221; comments=&#8221;off&#8221; featured_image=&#8221;off&#8221; featured_placement=&#8221;below&#8221; parallax_effect=&#8221;on&#8221; parallax_method=&#8221;on&#8221; text_orientation=&#8221;center&#8221; text_color=&#8221;dark&#8221; text_background=&#8221;off&#8221; text_bg_color=&#8221;rgba(255,255,255,0.9)&#8221; use_border_color=&#8221;off&#8221; border_color=&#8221;#ffffff&#8221; border_style=&#8221;solid&#8221; module_bg_color=&#8221;#e02b20&#8243; title_font_size=&#8221;30px&#8221; title_text_color=&#8221;#ffffff&#8221; \/][\/et_pb_section][et_pb_section bb_built=&#8221;1&#8243; admin_label=&#8221;Se\u00e7\u00e3o&#8221; fullwidth=&#8221;off&#8221; specialty=&#8221;off&#8221;][et_pb_row admin_label=&#8221;Linha&#8221;][et_pb_column type=&#8221;4_4&#8243;][et_pb_text admin_label=&#8221;Livro Identifica\u00e7\u00e3o Humana, 2a edi\u00e7\u00e3o&#8221; background_layout=&#8221;light&#8221; text_orientation=&#8221;left&#8221; use_border_color=&#8221;off&#8221; border_color=&#8221;#ffffff&#8221; border_style=&#8221;solid&#8221;]<\/p>\n<h3>Identifica\u00e7\u00e3o Humana &#8211; 2\u00aa\u00a0 Edi\u00e7\u00e3o<\/h3>\n<h4>Identifica\u00e7\u00e3o M\u00e9dico Legal, Per\u00edcias Odontolegais, Identifica\u00e7\u00e3o Humana pelo DNA<\/h4>\n<h4>S\u00e9rie Tratado de Per\u00edcias Criminal\u00edsticas<\/h4>\n<p><img loading=\"lazy\" decoding=\"async\" class=\"alignleft wp-image-198\" src=\"https:\/\/dnareference.com.br\/laboratorio\/wp-content\/uploads\/sites\/2\/2017\/04\/Livro_DNA-identificacao_Humana.jpg\" alt=\"\" width=\"400\" height=\"572\" srcset=\"https:\/\/dnareference.com.br\/laboratorio\/wp-content\/uploads\/sites\/2\/2017\/04\/Livro_DNA-identificacao_Humana.jpg 787w, https:\/\/dnareference.com.br\/laboratorio\/wp-content\/uploads\/sites\/2\/2017\/04\/Livro_DNA-identificacao_Humana-210x300.jpg 210w, https:\/\/dnareference.com.br\/laboratorio\/wp-content\/uploads\/sites\/2\/2017\/04\/Livro_DNA-identificacao_Humana-768x1098.jpg 768w, https:\/\/dnareference.com.br\/laboratorio\/wp-content\/uploads\/sites\/2\/2017\/04\/Livro_DNA-identificacao_Humana-716x1024.jpg 716w\" sizes=\"(max-width: 400px) 100vw, 400px\" \/><strong>Organizador<\/strong><br \/>\nDomingos Tochetto<\/p>\n<p><strong>Colaboradores<\/strong><\/p>\n<ul>\n<li>Adriana Paula de Andrade Costa e Silva<\/li>\n<li>Carlos. F. Val\u00e9rio Filho<\/li>\n<li>Fernanda Gamio Silva<\/li>\n<li>Gisele Menezes Ewald<\/li>\n<li>Glauber Gasperin<\/li>\n<li>Larissa Penna<\/li>\n<li>Luciana Harlacher<\/li>\n<li>Maria Regina de Sampaio Leite Jobim<\/li>\n<li>Mariana de Sampaio Leite Jobim<\/li>\n<li>Meiry Dambr\u00f3s<\/li>\n<li>Melissa Blom<\/li>\n<li>Michael Duncan<\/li>\n<li>Raquel Townsend<\/li>\n<li>Rog\u00e9rio Nogueira de Oliveira<\/li>\n<\/ul>\n<p>&nbsp;<\/p>\n<p><strong><a href=\"http:\/\/lattes.cnpq.br\/3404329759241193\" target=\"_blank\" rel=\"noopener noreferrer\">JOBIM, Luiz Fernando<\/a><\/strong>; COSTA, Lu\u00edz Renato ; SILVA, Moacyr da. <strong>Identifica\u00e7\u00e3o Humana.<\/strong>\u00a02. ed. Campinas: Millenium Editora, 2006. v. 2. 302p<\/p>\n<p>[\/et_pb_text][\/et_pb_column][\/et_pb_row][et_pb_row admin_label=&#8221;Linha&#8221;][et_pb_column type=&#8221;1_2&#8243;][et_pb_text admin_label=&#8221;Identifica\u00e7\u00e3o Humana &#8211; 1\u00aa Edi\u00e7\u00e3o&#8221; background_layout=&#8221;light&#8221; text_orientation=&#8221;left&#8221; use_border_color=&#8221;off&#8221; border_color=&#8221;#ffffff&#8221; border_style=&#8221;solid&#8221;]<\/p>\n<h3><img decoding=\"async\" class=\"alignleft\" src=\"https:\/\/dnareference.com.br\/img\/ptg\/geral_figura_132.gif\" \/>Identifica\u00e7\u00e3o Humana &#8211; 1\u00aa Edi\u00e7\u00e3o<\/h3>\n<h4>Tratado de Per\u00edcias Criminal\u00edsticas<\/h4>\n<p>Organizador: Domingos Tochetto<br \/>\nFIGINI, Adriano; SILVA, Jos\u00e9 Roberto Leit\u00e3o e ; <strong><a href=\"http:\/\/lattes.cnpq.br\/3404329759241193\" target=\"_blank\" rel=\"noopener noreferrer\">JOBIM, L.F.J.<\/a><\/strong>; SILVA, Moacyr da .<strong> Identifica\u00e7\u00e3o Humana.<\/strong> 1. ed. Campinas: Millenium, 2003. v. 1. 416p<\/p>\n<p>[\/et_pb_text][et_pb_text admin_label=&#8221; Identifica\u00e7\u00e3o Humana&#8221; background_layout=&#8221;light&#8221; text_orientation=&#8221;left&#8221; use_border_color=&#8221;off&#8221; border_color=&#8221;#ffffff&#8221; border_style=&#8221;solid&#8221;]<\/p>\n<h3><img decoding=\"async\" class=\"alignleft\" src=\"https:\/\/dnareference.com.br\/img\/ptg\/geral_figura_89.gif\" \/>Identifica\u00e7\u00e3o Humana<\/h3>\n<p>Organizador: Domingos Tochetto<br \/>\nFIGINI, Adriano da Luz; REIS, Albani Borges dos; <strong><a href=\"http:\/\/lattes.cnpq.br\/3404329759241193\" target=\"_blank\" rel=\"noopener noreferrer\">JOBIM, Luiz Fernando<\/a><\/strong>; SILVA, Moacyr da; FILHO, Relv\u00e9tio Galante.<strong> Identifica\u00e7\u00e3o Humana.<\/strong>\u00a0Editora Sagra Luzzato.<\/p>\n<p>&nbsp;<\/p>\n<p>[\/et_pb_text][et_pb_text admin_label=&#8221;DVD &#8211; Identifica\u00e7\u00e3o Humana pelo DNA&#8221; background_layout=&#8221;light&#8221; text_orientation=&#8221;left&#8221; use_border_color=&#8221;off&#8221; border_color=&#8221;#ffffff&#8221; border_style=&#8221;solid&#8221;]<\/p>\n<h3><img decoding=\"async\" class=\"alignleft\" src=\"https:\/\/dnareference.com.br\/img\/ptg\/geral_figura_90.gif\" \/>DVD\u00a0&#8211; Identifica\u00e7\u00e3o Humana pelo DNA<\/h3>\n<p>Aula sobre os testes de DNA, com dura\u00e7\u00e3o de 30 minutos.<\/p>\n<p>Autores: Prof. Dr. Luiz Fernando Jobim, Dra. Maria Regina Jobim<\/p>\n<p>[\/et_pb_text][\/et_pb_column][et_pb_column type=&#8221;1_2&#8243;][et_pb_text admin_label=&#8221;Gen\u00e9tica Forense &#8211; Identifica\u00e7\u00e3o de Paternidade e Crime&#8221; background_layout=&#8221;light&#8221; text_orientation=&#8221;left&#8221; use_border_color=&#8221;off&#8221; border_color=&#8221;#ffffff&#8221; border_style=&#8221;solid&#8221;]<\/p>\n<h3><img decoding=\"async\" class=\"alignleft\" src=\"https:\/\/dnareference.com.br\/img\/ptg\/geral_figura_103.gif\" \/>Gen\u00e9tica Forense &#8211; Identifica\u00e7\u00e3o de Paternidade e Crime<\/h3>\n<p><strong><a href=\"http:\/\/lattes.cnpq.br\/3404329759241193\" target=\"_blank\" rel=\"noopener noreferrer\">JOBIM, L.F.J.<\/a><\/strong>;\u00a0<strong><a href=\"http:\/\/lattes.cnpq.br\/1210651894466230\">JOBIM, Maria Regina<\/a><\/strong>\u00a0; EWALD, Gisele ; SILVA, Fernanda Gamio da ;<strong>\u00a0<a href=\"http:\/\/lattes.cnpq.br\/4903766288417904\">JOBIM, Mariana<\/a><\/strong>\u00a0. <strong>Gen\u00e9tica Forense.<\/strong> 1. ed. Porto Alegre: Impa, 2003. v. 1. 71p .<\/p>\n<p>[\/et_pb_text][et_pb_text admin_label=&#8221;Identifica\u00e7\u00e3o Humana pelo DNA&#8221; background_layout=&#8221;light&#8221; text_orientation=&#8221;left&#8221; use_border_color=&#8221;off&#8221; border_color=&#8221;#ffffff&#8221; border_style=&#8221;solid&#8221;]<\/p>\n<h3><img decoding=\"async\" class=\"alignleft\" src=\"https:\/\/dnareference.com.br\/img\/ptg\/geral_figura_88.gif\" \/>Identifica\u00e7\u00e3o Humana pelo DNA<\/h3>\n<p>Investiga\u00e7\u00e3o de paternidade e an\u00e1lise de casos forenses. Primeiro livro brasileiro publicado a partir da experi\u00eancia de um laborat\u00f3rio nacional.<\/p>\n<p>Autores: Prof. Dr. Luiz Fernando Jobim, Dra. Maria Regina Jobim<\/p>\n<p>[\/et_pb_text][\/et_pb_column][\/et_pb_row][\/et_pb_section]<\/p>\n","protected":false},"excerpt":{"rendered":"<p>Identifica\u00e7\u00e3o Humana &#8211; 2\u00aa\u00a0 Edi\u00e7\u00e3o Identifica\u00e7\u00e3o M\u00e9dico Legal, Per\u00edcias Odontolegais, Identifica\u00e7\u00e3o Humana pelo DNA S\u00e9rie Tratado de Per\u00edcias Criminal\u00edsticas Organizador Domingos Tochetto Colaboradores Adriana Paula de Andrade Costa e Silva Carlos. F. Val\u00e9rio Filho Fernanda Gamio Silva Gisele Menezes Ewald Glauber Gasperin Larissa Penna Luciana Harlacher Maria Regina de Sampaio Leite Jobim Mariana de Sampaio [&hellip;]<\/p>\n","protected":false},"author":1,"featured_media":0,"parent":194,"menu_order":0,"comment_status":"closed","ping_status":"closed","template":"","meta":{"_et_pb_use_builder":"on","_et_pb_old_content":"","_et_gb_content_width":"","footnotes":""},"class_list":["post-229","page","type-page","status-publish","hentry"],"_links":{"self":[{"href":"https:\/\/dnareference.com.br\/laboratorio\/wp-json\/wp\/v2\/pages\/229"}],"collection":[{"href":"https:\/\/dnareference.com.br\/laboratorio\/wp-json\/wp\/v2\/pages"}],"about":[{"href":"https:\/\/dnareference.com.br\/laboratorio\/wp-json\/wp\/v2\/types\/page"}],"author":[{"embeddable":true,"href":"https:\/\/dnareference.com.br\/laboratorio\/wp-json\/wp\/v2\/users\/1"}],"replies":[{"embeddable":true,"href":"https:\/\/dnareference.com.br\/laboratorio\/wp-json\/wp\/v2\/comments?post=229"}],"version-history":[{"count":11,"href":"https:\/\/dnareference.com.br\/laboratorio\/wp-json\/wp\/v2\/pages\/229\/revisions"}],"predecessor-version":[{"id":310,"href":"https:\/\/dnareference.com.br\/laboratorio\/wp-json\/wp\/v2\/pages\/229\/revisions\/310"}],"up":[{"embeddable":true,"href":"https:\/\/dnareference.com.br\/laboratorio\/wp-json\/wp\/v2\/pages\/194"}],"wp:attachment":[{"href":"https:\/\/dnareference.com.br\/laboratorio\/wp-json\/wp\/v2\/media?parent=229"}],"curies":[{"name":"wp","href":"https:\/\/api.w.org\/{rel}","templated":true}]}}