{"id":90,"date":"2016-12-05T02:10:15","date_gmt":"2016-12-05T04:10:15","guid":{"rendered":"https:\/\/dnareference.com.br\/?page_id=90"},"modified":"2017-03-01T11:09:47","modified_gmt":"2017-03-01T14:09:47","slug":"urticarias-e-angioedemas","status":"publish","type":"page","link":"https:\/\/dnareference.com.br\/clinica\/atendimento\/doencas-alergicas\/urticarias-e-angioedemas\/","title":{"rendered":"Urtic\u00e1rias e angioedemas"},"content":{"rendered":"<p>[et_pb_section admin_label=&#8221;Rinite&#8221; fullwidth=&#8221;on&#8221; specialty=&#8221;off&#8221; transparent_background=&#8221;off&#8221; allow_player_pause=&#8221;off&#8221; inner_shadow=&#8221;off&#8221; parallax=&#8221;off&#8221; parallax_method=&#8221;off&#8221; padding_mobile=&#8221;off&#8221; make_fullwidth=&#8221;off&#8221; use_custom_width=&#8221;off&#8221; width_unit=&#8221;on&#8221; make_equal=&#8221;off&#8221; use_custom_gutter=&#8221;off&#8221;][et_pb_fullwidth_post_title admin_label=&#8221;T\u00edtulo da P\u00e1gina de Largura Inteira&#8221; title=&#8221;on&#8221; meta=&#8221;off&#8221; author=&#8221;on&#8221; date=&#8221;on&#8221; categories=&#8221;on&#8221; comments=&#8221;on&#8221; featured_image=&#8221;off&#8221; featured_placement=&#8221;below&#8221; parallax_effect=&#8221;on&#8221; parallax_method=&#8221;on&#8221; text_orientation=&#8221;center&#8221; text_color=&#8221;dark&#8221; text_background=&#8221;off&#8221; text_bg_color=&#8221;rgba(255,255,255,0.9)&#8221; module_bg_color=&#8221;#e02b20&#8243; title_all_caps=&#8221;off&#8221; use_border_color=&#8221;off&#8221; border_color=&#8221;#ffffff&#8221; border_style=&#8221;solid&#8221; title_font_size=&#8221;30px&#8221; title_font=&#8221;|on|||&#8221; title_text_color=&#8221;#ffffff&#8221;] [\/et_pb_fullwidth_post_title][\/et_pb_section][et_pb_section admin_label=&#8221;section&#8221;][et_pb_row admin_label=&#8221;Linha&#8221;][et_pb_column type=&#8221;1_3&#8243;][et_pb_sidebar admin_label=&#8221;Barra Lateral&#8221; orientation=&#8221;left&#8221; area=&#8221;sidebar-1&#8243; background_layout=&#8221;light&#8221; remove_border=&#8221;off&#8221;] [\/et_pb_sidebar][\/et_pb_column][et_pb_column type=&#8221;2_3&#8243;][et_pb_text admin_label=&#8221;O que \u00e9?&#8221; background_layout=&#8221;light&#8221; text_orientation=&#8221;left&#8221; use_border_color=&#8221;off&#8221; border_color=&#8221;#ffffff&#8221; border_style=&#8221;solid&#8221;]<\/p>\n<h3>O QUE S\u00c3O URTIC\u00c1RIAS E ANGIOEDEMAS<\/h3>\n<p>Urtic\u00e1rias s\u00e3o les\u00f5es em placas vermelhas, pruriginosas e demarcadas com margens elevadas (edema). Angioedemas s\u00e3o processos semelhantes, mas que acontecem na derme profunda, causando edema nas partes moles, como os l\u00e1bios e olhos.<\/p>\n<p>&nbsp;<\/p>\n<p>[\/et_pb_text][et_pb_text admin_label=&#8221;Urtic\u00e1rias&#8221; background_layout=&#8221;light&#8221; text_orientation=&#8221;left&#8221; use_border_color=&#8221;off&#8221; border_color=&#8221;#ffffff&#8221; border_style=&#8221;solid&#8221;]<\/p>\n<h3>URTIC\u00c1RIAS<\/h3>\n\n\t\t<style type=\"text\/css\">\n\t\t\t#gallery-1 {\n\t\t\t\tmargin: auto;\n\t\t\t}\n\t\t\t#gallery-1 .gallery-item {\n\t\t\t\tfloat: left;\n\t\t\t\tmargin-top: 10px;\n\t\t\t\ttext-align: center;\n\t\t\t\twidth: 33%;\n\t\t\t}\n\t\t\t#gallery-1 img {\n\t\t\t\tborder: 2px solid #cfcfcf;\n\t\t\t}\n\t\t\t#gallery-1 .gallery-caption {\n\t\t\t\tmargin-left: 0;\n\t\t\t}\n\t\t\t\/* see gallery_shortcode() in wp-includes\/media.php *\/\n\t\t<\/style>\n\t\t<div id='gallery-1' class='gallery galleryid-90 gallery-columns-3 gallery-size-full'><dl class='gallery-item'>\n\t\t\t<dt class='gallery-icon landscape'>\n\t\t\t\t<img loading=\"lazy\" decoding=\"async\" width=\"141\" height=\"115\" src=\"https:\/\/dnareference.com.br\/clinica\/wp-content\/uploads\/sites\/3\/2017\/02\/DoencasAlergicas_Urticaria_Dermografismo.jpg\" class=\"attachment-full size-full\" alt=\"\" aria-describedby=\"gallery-1-441\" \/>\n\t\t\t<\/dt>\n\t\t\t\t<dd class='wp-caption-text gallery-caption' id='gallery-1-441'>\n\t\t\t\tDermografismo: urtic\u00e1ria por press\u00e3o da pele\n\t\t\t\t<\/dd><\/dl><dl class='gallery-item'>\n\t\t\t<dt class='gallery-icon landscape'>\n\t\t\t\t<img loading=\"lazy\" decoding=\"async\" width=\"140\" height=\"115\" src=\"https:\/\/dnareference.com.br\/clinica\/wp-content\/uploads\/sites\/3\/2017\/02\/DoencasAlergicas_Urticaria_Penicilina.jpg\" class=\"attachment-full size-full\" alt=\"\" aria-describedby=\"gallery-1-443\" \/>\n\t\t\t<\/dt>\n\t\t\t\t<dd class='wp-caption-text gallery-caption' id='gallery-1-443'>\n\t\t\t\tUrtic\u00e1ria por uso do medicamento penicilina\n\t\t\t\t<\/dd><\/dl><dl class='gallery-item'>\n\t\t\t<dt class='gallery-icon landscape'>\n\t\t\t\t<img loading=\"lazy\" decoding=\"async\" width=\"140\" height=\"115\" src=\"https:\/\/dnareference.com.br\/clinica\/wp-content\/uploads\/sites\/3\/2017\/02\/DoencasAlergicas_Urticaria_Gelo.jpg\" class=\"attachment-full size-full\" alt=\"\" aria-describedby=\"gallery-1-442\" \/>\n\t\t\t<\/dt>\n\t\t\t\t<dd class='wp-caption-text gallery-caption' id='gallery-1-442'>\n\t\t\t\tUrtic\u00e1ria ao frio (teste do cubo de gelo)\n\t\t\t\t<\/dd><\/dl><br style=\"clear: both\" \/>\n\t\t<\/div>\n\n<h3>Urtic\u00e1ria Aguda<\/h3>\n<p>Quadro cl\u00e1ssico de alergia a medicamentos, alimentos, picadas de insetos, alergia ao l\u00e1tex da borracha, entre outros. Desenvolve-se rapidamente, tendo um curso limitado, ap\u00f3s o tratamento e exclus\u00e3o do agente etiol\u00f3gico. Muitas vezes, a urtic\u00e1ria e o angioedema acompanham quadros de <a href=\"\/atendimento\/doencas-alergicas\/anafilaxia\/\">anafilaxia<\/a>.<\/p>\n<h3>Urtic\u00e1ria Cr\u00f4nica<\/h3>\n<p>Quadro arrastado e que permanece durante meses ou anos, podendo estar associada com alergia ou com ansiedade. Existem quadros de urtic\u00e1ria chamados de dermografismo, quando acontece o edema, prurido e vermelhid\u00e3o ap\u00f3s a press\u00e3o sobre a pele, podendo-se escrever na pele com um simples instrumento como uma chave. Quanto mais co\u00e7am, pior fica. Pacientes com dermografismo podem ter rea\u00e7\u00f5es ap\u00f3s o banho pela simples press\u00e3o na pele pela \u00e1gua do chuveiro. Existem urtic\u00e1rias pelo frio, pelo calor e por ansiedade. As ocasionadas pelo frio podem ser diagnosticadas pelo teste do \u201ccubo de gelo&#8221;, quando causamos a alergia ap\u00f3s encostar por 3 minutos um cubo de gelo na pele.<\/p>\n<p>[\/et_pb_text][et_pb_text admin_label=&#8221;Angioedemas&#8221; background_layout=&#8221;light&#8221; text_orientation=&#8221;left&#8221; use_border_color=&#8221;off&#8221; border_color=&#8221;#ffffff&#8221; border_style=&#8221;solid&#8221;]<\/p>\n<h3>ANGIOEDEMAS<\/h3>\n\n\t\t<style type=\"text\/css\">\n\t\t\t#gallery-2 {\n\t\t\t\tmargin: auto;\n\t\t\t}\n\t\t\t#gallery-2 .gallery-item {\n\t\t\t\tfloat: left;\n\t\t\t\tmargin-top: 10px;\n\t\t\t\ttext-align: center;\n\t\t\t\twidth: 50%;\n\t\t\t}\n\t\t\t#gallery-2 img {\n\t\t\t\tborder: 2px solid #cfcfcf;\n\t\t\t}\n\t\t\t#gallery-2 .gallery-caption {\n\t\t\t\tmargin-left: 0;\n\t\t\t}\n\t\t\t\/* see gallery_shortcode() in wp-includes\/media.php *\/\n\t\t<\/style>\n\t\t<div id='gallery-2' class='gallery galleryid-90 gallery-columns-2 gallery-size-full'><dl class='gallery-item'>\n\t\t\t<dt class='gallery-icon landscape'>\n\t\t\t\t<img loading=\"lazy\" decoding=\"async\" width=\"140\" height=\"140\" src=\"https:\/\/dnareference.com.br\/clinica\/wp-content\/uploads\/sites\/3\/2017\/02\/DoencasAlergicas_Angioedema_Aspirina.jpg\" class=\"attachment-full size-full\" alt=\"\" aria-describedby=\"gallery-2-436\" \/>\n\t\t\t<\/dt>\n\t\t\t\t<dd class='wp-caption-text gallery-caption' id='gallery-2-436'>\n\t\t\t\tAngioedema por Aspirina\n\t\t\t\t<\/dd><\/dl><dl class='gallery-item'>\n\t\t\t<dt class='gallery-icon landscape'>\n\t\t\t\t<img loading=\"lazy\" decoding=\"async\" width=\"140\" height=\"139\" src=\"https:\/\/dnareference.com.br\/clinica\/wp-content\/uploads\/sites\/3\/2017\/02\/DoencasAlergicas_Angioedema_Hereditario.jpg\" class=\"attachment-full size-full\" alt=\"\" aria-describedby=\"gallery-2-437\" \/>\n\t\t\t<\/dt>\n\t\t\t\t<dd class='wp-caption-text gallery-caption' id='gallery-2-437'>\n\t\t\t\tAngioedema heredit\u00e1rio\n\t\t\t\t<\/dd><\/dl><br style=\"clear: both\" \/>\n\t\t<\/div>\n\n<h3>Angioedema al\u00e9rgico<\/h3>\n<p>Acontece quase sempre associado \u00e0 urtic\u00e1ria. As causas costumam ser as mesmas da urtic\u00e1ria, lembrando sempre que a rea\u00e7\u00e3o a medicamentos como a penicilina, anti-inflamat\u00f3rios e analg\u00e9sicos podem ocasionar essa manifesta\u00e7\u00e3o.<\/p>\n<h3><strong>Angioedema heredit\u00e1rio<\/strong><\/h3>\n<p>Existem casos de angioedema ocasionados por defeitos gen\u00e9ticos em enzima do sistema do complemento s\u00e9rico. A falta dela ocasiona edemas importantes em partes moles e extremidades, n\u00e3o melhorando com anti-al\u00e9rgicos. O diagn\u00f3stico deve ser feito por exames de laborat\u00f3rio e o tratamento di\u00e1rio com o Danazol. Recentemente, foram introduzidas medica\u00e7\u00f5es que agem na crise: Berinet e o Firazyr (Icatibanto).<\/p>\n<p>[\/et_pb_text][\/et_pb_column][\/et_pb_row][\/et_pb_section]<\/p>\n","protected":false},"excerpt":{"rendered":"<p>O QUE S\u00c3O URTIC\u00c1RIAS E ANGIOEDEMAS Urtic\u00e1rias s\u00e3o les\u00f5es em placas vermelhas, pruriginosas e demarcadas com margens elevadas (edema). Angioedemas s\u00e3o processos semelhantes, mas que acontecem na derme profunda, causando edema nas partes moles, como os l\u00e1bios e olhos. &nbsp; URTIC\u00c1RIAS \n\t\t<style type=\"text\/css\">\n\t\t\t#gallery-3 {\n\t\t\t\tmargin: auto;\n\t\t\t}\n\t\t\t#gallery-3 .gallery-item {\n\t\t\t\tfloat: left;\n\t\t\t\tmargin-top: 10px;\n\t\t\t\ttext-align: center;\n\t\t\t\twidth: 33%;\n\t\t\t}\n\t\t\t#gallery-3 img {\n\t\t\t\tborder: 2px solid #cfcfcf;\n\t\t\t}\n\t\t\t#gallery-3 .gallery-caption {\n\t\t\t\tmargin-left: 0;\n\t\t\t}\n\t\t\t\/* see gallery_shortcode() in wp-includes\/media.php *\/\n\t\t<\/style>\n\t\t<div id='gallery-3' class='gallery galleryid-90 gallery-columns-3 gallery-size-full'><dl class='gallery-item'>\n\t\t\t<dt class='gallery-icon landscape'>\n\t\t\t\t<img width=\"141\" height=\"115\" src=\"https:\/\/dnareference.com.br\/clinica\/wp-content\/uploads\/sites\/3\/2017\/02\/DoencasAlergicas_Urticaria_Dermografismo.jpg\" class=\"attachment-full size-full\" alt=\"\" aria-describedby=\"gallery-3-441\" decoding=\"async\" loading=\"lazy\" \/>\n\t\t\t<\/dt>\n\t\t\t\t<dd class='wp-caption-text gallery-caption' id='gallery-3-441'>\n\t\t\t\tDermografismo: urtic\u00e1ria por press\u00e3o da pele\n\t\t\t\t<\/dd><\/dl><dl class='gallery-item'>\n\t\t\t<dt class='gallery-icon landscape'>\n\t\t\t\t<img width=\"140\" height=\"115\" src=\"https:\/\/dnareference.com.br\/clinica\/wp-content\/uploads\/sites\/3\/2017\/02\/DoencasAlergicas_Urticaria_Penicilina.jpg\" class=\"attachment-full size-full\" alt=\"\" aria-describedby=\"gallery-3-443\" decoding=\"async\" loading=\"lazy\" \/>\n\t\t\t<\/dt>\n\t\t\t\t<dd class='wp-caption-text gallery-caption' id='gallery-3-443'>\n\t\t\t\tUrtic\u00e1ria por uso do medicamento penicilina\n\t\t\t\t<\/dd><\/dl><dl class='gallery-item'>\n\t\t\t<dt class='gallery-icon landscape'>\n\t\t\t\t<img width=\"140\" height=\"115\" src=\"https:\/\/dnareference.com.br\/clinica\/wp-content\/uploads\/sites\/3\/2017\/02\/DoencasAlergicas_Urticaria_Gelo.jpg\" class=\"attachment-full size-full\" alt=\"\" aria-describedby=\"gallery-3-442\" decoding=\"async\" loading=\"lazy\" \/>\n\t\t\t<\/dt>\n\t\t\t\t<dd class='wp-caption-text gallery-caption' id='gallery-3-442'>\n\t\t\t\tUrtic\u00e1ria ao frio (teste do cubo de gelo)\n\t\t\t\t<\/dd><\/dl><br style=\"clear: both\" \/>\n\t\t<\/div>\n Urtic\u00e1ria Aguda Quadro cl\u00e1ssico de alergia a medicamentos, alimentos, picadas [&hellip;]<\/p>\n","protected":false},"author":1,"featured_media":0,"parent":72,"menu_order":5,"comment_status":"closed","ping_status":"closed","template":"","meta":{"_et_pb_use_builder":"on","_et_pb_old_content":"","_et_gb_content_width":"","footnotes":""},"class_list":["post-90","page","type-page","status-publish","hentry"],"_links":{"self":[{"href":"https:\/\/dnareference.com.br\/clinica\/wp-json\/wp\/v2\/pages\/90"}],"collection":[{"href":"https:\/\/dnareference.com.br\/clinica\/wp-json\/wp\/v2\/pages"}],"about":[{"href":"https:\/\/dnareference.com.br\/clinica\/wp-json\/wp\/v2\/types\/page"}],"author":[{"embeddable":true,"href":"https:\/\/dnareference.com.br\/clinica\/wp-json\/wp\/v2\/users\/1"}],"replies":[{"embeddable":true,"href":"https:\/\/dnareference.com.br\/clinica\/wp-json\/wp\/v2\/comments?post=90"}],"version-history":[{"count":10,"href":"https:\/\/dnareference.com.br\/clinica\/wp-json\/wp\/v2\/pages\/90\/revisions"}],"predecessor-version":[{"id":563,"href":"https:\/\/dnareference.com.br\/clinica\/wp-json\/wp\/v2\/pages\/90\/revisions\/563"}],"up":[{"embeddable":true,"href":"https:\/\/dnareference.com.br\/clinica\/wp-json\/wp\/v2\/pages\/72"}],"wp:attachment":[{"href":"https:\/\/dnareference.com.br\/clinica\/wp-json\/wp\/v2\/media?parent=90"}],"curies":[{"name":"wp","href":"https:\/\/api.w.org\/{rel}","templated":true}]}}