{"id":88,"date":"2016-12-05T02:09:50","date_gmt":"2016-12-05T04:09:50","guid":{"rendered":"https:\/\/dnareference.com.br\/?page_id=88"},"modified":"2017-02-25T15:19:46","modified_gmt":"2017-02-25T18:19:46","slug":"asma","status":"publish","type":"page","link":"https:\/\/dnareference.com.br\/clinica\/atendimento\/doencas-alergicas\/asma\/","title":{"rendered":"Asma"},"content":{"rendered":"<p>[et_pb_section admin_label=&#8221;Rinite&#8221; fullwidth=&#8221;on&#8221; specialty=&#8221;off&#8221; transparent_background=&#8221;off&#8221; allow_player_pause=&#8221;off&#8221; inner_shadow=&#8221;off&#8221; parallax=&#8221;off&#8221; parallax_method=&#8221;off&#8221; padding_mobile=&#8221;off&#8221; make_fullwidth=&#8221;off&#8221; use_custom_width=&#8221;off&#8221; width_unit=&#8221;on&#8221; make_equal=&#8221;off&#8221; use_custom_gutter=&#8221;off&#8221;][et_pb_fullwidth_post_title admin_label=&#8221;T\u00edtulo da P\u00e1gina de Largura Inteira&#8221; title=&#8221;on&#8221; meta=&#8221;off&#8221; author=&#8221;on&#8221; date=&#8221;on&#8221; categories=&#8221;on&#8221; comments=&#8221;on&#8221; featured_image=&#8221;off&#8221; featured_placement=&#8221;below&#8221; parallax_effect=&#8221;on&#8221; parallax_method=&#8221;on&#8221; text_orientation=&#8221;center&#8221; text_color=&#8221;dark&#8221; text_background=&#8221;off&#8221; text_bg_color=&#8221;rgba(255,255,255,0.9)&#8221; module_bg_color=&#8221;#e02b20&#8243; title_all_caps=&#8221;off&#8221; use_border_color=&#8221;off&#8221; border_color=&#8221;#ffffff&#8221; border_style=&#8221;solid&#8221; title_font_size=&#8221;30px&#8221; title_font=&#8221;|on|||&#8221; title_text_color=&#8221;#ffffff&#8221;] [\/et_pb_fullwidth_post_title][\/et_pb_section][et_pb_section admin_label=&#8221;section&#8221;][et_pb_row admin_label=&#8221;Linha&#8221;][et_pb_column type=&#8221;1_3&#8243;][et_pb_sidebar admin_label=&#8221;Barra Lateral&#8221; orientation=&#8221;left&#8221; area=&#8221;sidebar-1&#8243; background_layout=&#8221;light&#8221; remove_border=&#8221;off&#8221;] [\/et_pb_sidebar][\/et_pb_column][et_pb_column type=&#8221;2_3&#8243;][et_pb_image admin_label=&#8221;Imagem&#8221; src=&#8221;https:\/\/dnareference.com.br\/clinica\/wp-content\/uploads\/sites\/3\/2017\/02\/DoencasAlergicas_Asma.jpg&#8221; show_in_lightbox=&#8221;off&#8221; url_new_window=&#8221;off&#8221; use_overlay=&#8221;off&#8221; animation=&#8221;left&#8221; sticky=&#8221;off&#8221; align=&#8221;left&#8221; force_fullwidth=&#8221;off&#8221; always_center_on_mobile=&#8221;on&#8221; use_border_color=&#8221;off&#8221; border_color=&#8221;#ffffff&#8221; border_style=&#8221;solid&#8221; \/][et_pb_text admin_label=&#8221;O que \u00e9?&#8221; background_layout=&#8221;light&#8221; text_orientation=&#8221;left&#8221; use_border_color=&#8221;off&#8221; border_color=&#8221;#ffffff&#8221; border_style=&#8221;solid&#8221;]<\/p>\n<h3>O QUE \u00c9 ASMA<\/h3>\n<p>Asma \u00e9 palavra derivada do grego e significa estar ofegante e com dificuldade na respira\u00e7\u00e3o. Esta patologia tem uma incid\u00eancia de 3% a 8% na popula\u00e7\u00e3o.<\/p>\n<p>&nbsp;<\/p>\n<h3>SINTOMAS DA\u00a0ASMA<\/h3>\n<p>A asma \u00e9 a obstru\u00e7\u00e3o das vias respirat\u00f3rias caracterizada por hiper-irritabilidade e inflama\u00e7\u00e3o das mesmas, causando sintomas como:<\/p>\n<ul>\n<li>Sibil\u00e2ncia (chiado no peito);<\/li>\n<li>Tosse;<\/li>\n<li>Falta de ar;<\/li>\n<li>Subst\u00e2ncias como a poeira domiciliar (\u00e1caros), cuja inala\u00e7\u00e3o n\u00e3o provoca efeito em indiv\u00edduos normais, podem causar bronquio-constri\u00e7\u00e3o nas pessoas\u00a0com asma.<\/li>\n<\/ul>\n<p>Existe um componente gen\u00e9tico nos indiv\u00edduos com asma: na maioria das vezes, encontramos outros membros da fam\u00edlia com manifesta\u00e7\u00f5es al\u00e9rgicas respirat\u00f3rias.<\/p>\n<p>Muitos pacientes ficam assintom\u00e1ticos com o passar do tempo, sendo que nem sempre a asma \u00e9 doen\u00e7a preocupante.<\/p>\n<p>Os pacientes tamb\u00e9m podem apresentar crises de rinite al\u00e9rgica, conjuntivite, eczema at\u00f3pico nas dobras dos bra\u00e7os e pernas, assim como tosse. A falta de ar pode ocorrer tamb\u00e9m, ap\u00f3s esfor\u00e7o f\u00edsico e quando o paciente est\u00e1 rindo entre amigos.<\/p>\n<p>A asma pode passar despercebida pelos pais, pois as crian\u00e7as podem ter dificuldades menores, relacionadas com exerc\u00edcios, n\u00e3o os relatando em casa.<\/p>\n<p>Devemos realizar os testes cut\u00e2neos para identificar os elementos a que o paciente \u00e9 al\u00e9rgico, procurando realizar o controle do ambiente, como \u00e9 indicado nas rinites.<\/p>\n<p>&nbsp;<\/p>\n<h3>TRATAMENTO DA ASMA<\/h3>\n<ul>\n<li>Imunoterapia (vacinas);<\/li>\n<li>Medica\u00e7\u00f5es bronco-dilatadoras;<\/li>\n<li>Corticoster\u00f3ides inal\u00e1veis.<\/li>\n<\/ul>\n<p>O controle do ambiente deve ser rigoroso para os agentes a que o paciente \u00e9 al\u00e9rgico. Eventualmente, em crises de asma, o paciente encontra-se tamb\u00e9m infectado, podendo ser tratado tamb\u00e9m com antibi\u00f3ticos.<\/p>\n<p>[\/et_pb_text][\/et_pb_column][\/et_pb_row][\/et_pb_section]<\/p>\n","protected":false},"excerpt":{"rendered":"<p>O QUE \u00c9 ASMA Asma \u00e9 palavra derivada do grego e significa estar ofegante e com dificuldade na respira\u00e7\u00e3o. Esta patologia tem uma incid\u00eancia de 3% a 8% na popula\u00e7\u00e3o. &nbsp; SINTOMAS DA\u00a0ASMA A asma \u00e9 a obstru\u00e7\u00e3o das vias respirat\u00f3rias caracterizada por hiper-irritabilidade e inflama\u00e7\u00e3o das mesmas, causando sintomas como: Sibil\u00e2ncia (chiado no peito); [&hellip;]<\/p>\n","protected":false},"author":1,"featured_media":0,"parent":72,"menu_order":4,"comment_status":"closed","ping_status":"closed","template":"","meta":{"_et_pb_use_builder":"on","_et_pb_old_content":"","_et_gb_content_width":"","footnotes":""},"class_list":["post-88","page","type-page","status-publish","hentry"],"_links":{"self":[{"href":"https:\/\/dnareference.com.br\/clinica\/wp-json\/wp\/v2\/pages\/88"}],"collection":[{"href":"https:\/\/dnareference.com.br\/clinica\/wp-json\/wp\/v2\/pages"}],"about":[{"href":"https:\/\/dnareference.com.br\/clinica\/wp-json\/wp\/v2\/types\/page"}],"author":[{"embeddable":true,"href":"https:\/\/dnareference.com.br\/clinica\/wp-json\/wp\/v2\/users\/1"}],"replies":[{"embeddable":true,"href":"https:\/\/dnareference.com.br\/clinica\/wp-json\/wp\/v2\/comments?post=88"}],"version-history":[{"count":3,"href":"https:\/\/dnareference.com.br\/clinica\/wp-json\/wp\/v2\/pages\/88\/revisions"}],"predecessor-version":[{"id":411,"href":"https:\/\/dnareference.com.br\/clinica\/wp-json\/wp\/v2\/pages\/88\/revisions\/411"}],"up":[{"embeddable":true,"href":"https:\/\/dnareference.com.br\/clinica\/wp-json\/wp\/v2\/pages\/72"}],"wp:attachment":[{"href":"https:\/\/dnareference.com.br\/clinica\/wp-json\/wp\/v2\/media?parent=88"}],"curies":[{"name":"wp","href":"https:\/\/api.w.org\/{rel}","templated":true}]}}