{"id":86,"date":"2016-12-05T02:09:33","date_gmt":"2016-12-05T04:09:33","guid":{"rendered":"https:\/\/dnareference.com.br\/?page_id=86"},"modified":"2017-02-28T14:12:31","modified_gmt":"2017-02-28T17:12:31","slug":"sinusite","status":"publish","type":"page","link":"https:\/\/dnareference.com.br\/clinica\/atendimento\/doencas-alergicas\/sinusite\/","title":{"rendered":"Sinusite"},"content":{"rendered":"<p>[et_pb_section admin_label=&#8221;Rinite&#8221; fullwidth=&#8221;on&#8221; specialty=&#8221;off&#8221; transparent_background=&#8221;off&#8221; allow_player_pause=&#8221;off&#8221; inner_shadow=&#8221;off&#8221; parallax=&#8221;off&#8221; parallax_method=&#8221;off&#8221; padding_mobile=&#8221;off&#8221; make_fullwidth=&#8221;off&#8221; use_custom_width=&#8221;off&#8221; width_unit=&#8221;on&#8221; make_equal=&#8221;off&#8221; use_custom_gutter=&#8221;off&#8221;][et_pb_fullwidth_post_title admin_label=&#8221;T\u00edtulo da P\u00e1gina de Largura Inteira&#8221; title=&#8221;on&#8221; meta=&#8221;off&#8221; author=&#8221;on&#8221; date=&#8221;on&#8221; categories=&#8221;on&#8221; comments=&#8221;on&#8221; featured_image=&#8221;off&#8221; featured_placement=&#8221;below&#8221; parallax_effect=&#8221;on&#8221; parallax_method=&#8221;on&#8221; text_orientation=&#8221;center&#8221; text_color=&#8221;dark&#8221; text_background=&#8221;off&#8221; text_bg_color=&#8221;rgba(255,255,255,0.9)&#8221; module_bg_color=&#8221;#e02b20&#8243; title_all_caps=&#8221;off&#8221; use_border_color=&#8221;off&#8221; border_color=&#8221;#ffffff&#8221; border_style=&#8221;solid&#8221; title_font_size=&#8221;30px&#8221; title_font=&#8221;|on|||&#8221; title_text_color=&#8221;#ffffff&#8221;] [\/et_pb_fullwidth_post_title][\/et_pb_section][et_pb_section admin_label=&#8221;section&#8221;][et_pb_row admin_label=&#8221;Linha&#8221;][et_pb_column type=&#8221;1_3&#8243;][et_pb_sidebar admin_label=&#8221;Barra Lateral&#8221; orientation=&#8221;left&#8221; area=&#8221;sidebar-1&#8243; background_layout=&#8221;light&#8221; remove_border=&#8221;off&#8221;] [\/et_pb_sidebar][\/et_pb_column][et_pb_column type=&#8221;2_3&#8243;][et_pb_image admin_label=&#8221;Imagem&#8221; src=&#8221;https:\/\/dnareference.com.br\/clinica\/wp-content\/uploads\/sites\/3\/2016\/12\/DoencasAlergicas_Sinusite.jpg&#8221; show_in_lightbox=&#8221;off&#8221; url_new_window=&#8221;off&#8221; use_overlay=&#8221;off&#8221; animation=&#8221;left&#8221; sticky=&#8221;off&#8221; align=&#8221;left&#8221; force_fullwidth=&#8221;off&#8221; always_center_on_mobile=&#8221;on&#8221; use_border_color=&#8221;off&#8221; border_color=&#8221;#ffffff&#8221; border_style=&#8221;solid&#8221;] [\/et_pb_image][et_pb_text admin_label=&#8221;O que \u00e9?&#8221; background_layout=&#8221;light&#8221; text_orientation=&#8221;left&#8221; use_border_color=&#8221;off&#8221; border_color=&#8221;#ffffff&#8221; border_style=&#8221;solid&#8221;]<\/p>\n<h3>O QUE \u00c9 SINUSITE<\/h3>\n<p>A sinusite \u00e9 a inflama\u00e7\u00e3o dos seios da face, como o seio maxilar, frontal e etm\u00f3ide. A sinusite al\u00e9rgica costuma acompanhar o quadro de rinite e asma.<\/p>\n<p>&nbsp;<\/p>\n<h3>SINTOMAS DA SINUSITE<\/h3>\n<p><strong>Tosse noturna<\/strong><\/p>\n<p>Frequentemente os pacientes iniciam com uma simples sinusite al\u00e9rgica. O ac\u00famulo de secre\u00e7\u00f5es e muco induz secundariamente \u00e0 infec\u00e7\u00e3o bacteriana dessas cavidades com outros sintomas, como a tosse noturna e secre\u00e7\u00e3o purulenta p\u00f3s nasal.<\/p>\n<p>Crian\u00e7as com tosse noturna s\u00e3o muitas vezes portadoras de sinusite. A caracter\u00edstica \u00e9 a tosse ap\u00f3s meia hora ou pouco mais do in\u00edcio do sono, sendo decorrente da descida da secre\u00e7\u00e3o dos seios da face que escorre para dentro dos br\u00f4nquios. A tosse \u00e9 iniciada, procurando expulsar a secre\u00e7\u00e3o inadequada.<\/p>\n<p>A crian\u00e7a, quando acordada, engole o catarro e, durante o sono, perde o reflexo da degluti\u00e7\u00e3o, aspirando as secre\u00e7\u00f5es, o que leva \u00e0 tosse insistente. Os pais devem saber que tosse noturna em crian\u00e7a pode ser decorrente de sinusite.<\/p>\n<p><strong>Dor de cabe\u00e7a<\/strong><\/p>\n<p>A sinusite nem sempre causa dor de cabe\u00e7a como pensa a maioria das pessoas!<\/p>\n<p>&nbsp;<\/p>\n<h3>DIAGN\u00d3STICO DA SINUSITE<\/h3>\n<p>Al\u00e9m da tomografia dos seios da face, testes para identificar alergias devem ser realizados, tanto em adultos como em crian\u00e7as com sinusite, pois muitas vezes o quadro inicial \u00e9 al\u00e9rgico, passando depois a ser infeccioso.<\/p>\n<p>&nbsp;<\/p>\n<h3>TRATAMENTO DA SINUSITE<\/h3>\n<p>O tratamento da sinusite costuma ser com antibi\u00f3ticos, corticoster\u00f3ides, anti-histam\u00ednicos, controle do ambiente e, muitas vezes, com vacinas.<\/p>\n<p>Pacientes com sinusites de repeti\u00e7\u00e3o podem ter defeitos na produ\u00e7\u00e3o de anticorpos, devendo ser avaliados com dosagens das imunoglobulinas, afastando a possibilidade de uma imunodefici\u00eancia prim\u00e1ria.<\/p>\n<p>[\/et_pb_text][\/et_pb_column][\/et_pb_row][\/et_pb_section]<\/p>\n","protected":false},"excerpt":{"rendered":"<p>O QUE \u00c9 SINUSITE A sinusite \u00e9 a inflama\u00e7\u00e3o dos seios da face, como o seio maxilar, frontal e etm\u00f3ide. A sinusite al\u00e9rgica costuma acompanhar o quadro de rinite e asma. &nbsp; SINTOMAS DA SINUSITE Tosse noturna Frequentemente os pacientes iniciam com uma simples sinusite al\u00e9rgica. O ac\u00famulo de secre\u00e7\u00f5es e muco induz secundariamente \u00e0 [&hellip;]<\/p>\n","protected":false},"author":1,"featured_media":0,"parent":72,"menu_order":3,"comment_status":"closed","ping_status":"closed","template":"","meta":{"_et_pb_use_builder":"on","_et_pb_old_content":"","_et_gb_content_width":"","footnotes":""},"class_list":["post-86","page","type-page","status-publish","hentry"],"_links":{"self":[{"href":"https:\/\/dnareference.com.br\/clinica\/wp-json\/wp\/v2\/pages\/86"}],"collection":[{"href":"https:\/\/dnareference.com.br\/clinica\/wp-json\/wp\/v2\/pages"}],"about":[{"href":"https:\/\/dnareference.com.br\/clinica\/wp-json\/wp\/v2\/types\/page"}],"author":[{"embeddable":true,"href":"https:\/\/dnareference.com.br\/clinica\/wp-json\/wp\/v2\/users\/1"}],"replies":[{"embeddable":true,"href":"https:\/\/dnareference.com.br\/clinica\/wp-json\/wp\/v2\/comments?post=86"}],"version-history":[{"count":6,"href":"https:\/\/dnareference.com.br\/clinica\/wp-json\/wp\/v2\/pages\/86\/revisions"}],"predecessor-version":[{"id":537,"href":"https:\/\/dnareference.com.br\/clinica\/wp-json\/wp\/v2\/pages\/86\/revisions\/537"}],"up":[{"embeddable":true,"href":"https:\/\/dnareference.com.br\/clinica\/wp-json\/wp\/v2\/pages\/72"}],"wp:attachment":[{"href":"https:\/\/dnareference.com.br\/clinica\/wp-json\/wp\/v2\/media?parent=86"}],"curies":[{"name":"wp","href":"https:\/\/api.w.org\/{rel}","templated":true}]}}