{"id":82,"date":"2016-12-05T02:08:33","date_gmt":"2016-12-05T04:08:33","guid":{"rendered":"https:\/\/dnareference.com.br\/?page_id=82"},"modified":"2017-01-08T16:14:42","modified_gmt":"2017-01-08T18:14:42","slug":"rinite","status":"publish","type":"page","link":"https:\/\/dnareference.com.br\/clinica\/atendimento\/doencas-alergicas\/rinite\/","title":{"rendered":"Rinite"},"content":{"rendered":"<p>[et_pb_section admin_label=&#8221;Rinite&#8221; fullwidth=&#8221;on&#8221; specialty=&#8221;off&#8221; transparent_background=&#8221;off&#8221; allow_player_pause=&#8221;off&#8221; inner_shadow=&#8221;off&#8221; parallax=&#8221;off&#8221; parallax_method=&#8221;off&#8221; padding_mobile=&#8221;off&#8221; make_fullwidth=&#8221;off&#8221; use_custom_width=&#8221;off&#8221; width_unit=&#8221;on&#8221; make_equal=&#8221;off&#8221; use_custom_gutter=&#8221;off&#8221;][et_pb_fullwidth_post_title admin_label=&#8221;T\u00edtulo da P\u00e1gina de Largura Inteira&#8221; title=&#8221;on&#8221; meta=&#8221;off&#8221; author=&#8221;on&#8221; date=&#8221;on&#8221; categories=&#8221;on&#8221; comments=&#8221;on&#8221; featured_image=&#8221;off&#8221; featured_placement=&#8221;below&#8221; parallax_effect=&#8221;on&#8221; parallax_method=&#8221;on&#8221; text_orientation=&#8221;center&#8221; text_color=&#8221;dark&#8221; text_background=&#8221;off&#8221; text_bg_color=&#8221;rgba(255,255,255,0.9)&#8221; module_bg_color=&#8221;#e02b20&#8243; title_all_caps=&#8221;off&#8221; use_border_color=&#8221;off&#8221; border_color=&#8221;#ffffff&#8221; border_style=&#8221;solid&#8221; title_font_size=&#8221;30px&#8221; title_font=&#8221;|on|||&#8221; title_text_color=&#8221;#ffffff&#8221;]<\/p>\n<p>[\/et_pb_fullwidth_post_title][\/et_pb_section][et_pb_section admin_label=&#8221;Se\u00e7\u00e3o&#8221; fullwidth=&#8221;off&#8221; specialty=&#8221;on&#8221;][et_pb_column type=&#8221;1_3&#8243;][et_pb_sidebar admin_label=&#8221;Barra Lateral&#8221; orientation=&#8221;left&#8221; area=&#8221;sidebar-1&#8243; background_layout=&#8221;light&#8221; remove_border=&#8221;off&#8221;]<\/p>\n<p>[\/et_pb_sidebar][\/et_pb_column][et_pb_column type=&#8221;2_3&#8243; specialty_columns=&#8221;2&#8243;][et_pb_row_inner admin_label=&#8221;Linha&#8221;][et_pb_column_inner type=&#8221;4_4&#8243; saved_specialty_column_type=&#8221;2_3&#8243;][et_pb_gallery admin_label=&#8221;Galeria&#8221; fullwidth=&#8221;on&#8221; posts_number=&#8221;3&#8243; show_title_and_caption=&#8221;on&#8221; show_pagination=&#8221;off&#8221; background_layout=&#8221;dark&#8221; auto=&#8221;on&#8221; hover_overlay_color=&#8221;rgba(255,255,255,0.9)&#8221; caption_all_caps=&#8221;off&#8221; use_border_color=&#8221;off&#8221; border_color=&#8221;#ffffff&#8221; border_style=&#8221;solid&#8221; gallery_ids=&#8221;259,263,264&#8243;]<\/p>\n<p>[\/et_pb_gallery][\/et_pb_column_inner][\/et_pb_row_inner][et_pb_row_inner admin_label=&#8221;Linha&#8221;][et_pb_column_inner type=&#8221;1_2&#8243; saved_specialty_column_type=&#8221;2_3&#8243;][et_pb_text admin_label=&#8221;O que \u00e9?&#8221; background_layout=&#8221;light&#8221; text_orientation=&#8221;left&#8221; use_border_color=&#8221;off&#8221; border_color=&#8221;#ffffff&#8221; border_style=&#8221;solid&#8221;]<\/p>\n<h3>O QUE \u00c9 RINITE?<\/h3>\n<p>\u00c9 um termo m\u00e9dico que descreve a irrita\u00e7\u00e3o e inflama\u00e7\u00e3o cr\u00f4nica ou aguda da mucosa nasal. \u00c9 uma doen\u00e7a que pode ser causada tanto por v\u00edrus como por bact\u00e9rias, embora seja manifestada com mais frequ\u00eancia em decorr\u00eancia de alergia por rea\u00e7\u00f5es ao p\u00f3, p\u00f3lens e outros agentes ambientais. A inflama\u00e7\u00e3o decorrente da rinite al\u00e9rgica resulta na produ\u00e7\u00e3o excessiva de muco, gerado pela produ\u00e7\u00e3o de histamina, o que ocasiona a coriza, espirros e o prurido nasal, sintomas comuns da rinite.<\/p>\n<p>[\/et_pb_text][et_pb_text admin_label=&#8221;Sintomas da Rinite&#8221; background_layout=&#8221;light&#8221; text_orientation=&#8221;left&#8221; use_border_color=&#8221;off&#8221; border_color=&#8221;#ffffff&#8221; border_style=&#8221;solid&#8221;]<\/p>\n<h3>SINTOMAS DA RINITE<\/h3>\n<p><strong>Sazonal:<\/strong>\u00a0Coriza, congest\u00e3o, prurido nos olhos, nariz, ouvidos, garganta, lacrimejamento. Proveniente de alergia a p\u00f3lens de gram\u00edneas. Em nosso meio inicia na primavera. Os testes cut\u00e2neos s\u00e3o positivos!<\/p>\n<p><strong>Perene:<\/strong>\u00a0Severa obstru\u00e7\u00e3o nasal, prurido, coriza moderada e drenagem p\u00f3s nasal. Alergia aos \u00e1caros, epit\u00e9lio de animais, baratas e fungos. Testes cut\u00e2neos positivos!<\/p>\n<p><strong>Medicamentosa:\u00a0<\/strong>Obstru\u00e7\u00e3o nasal severa! O uso abusivo de vasoconstritor nasal promove um efeito de rebote quando passa o efeito do medicamento, causando uma intensa obstru\u00e7\u00e3o nasal e depend\u00eancia das gotas nasais. O tratamento necessita do diagn\u00f3stico da raz\u00e3o do uso do vasoconstritor e que seguidamente \u00e9 devido \u00e0 alergia.<\/p>\n<p><strong>Vasomotora:<\/strong>\u00a0Mudan\u00e7as ambientais, ar condicionado, cheiros fortes. Sem prurido, coriza intensa e espirros. Testes cut\u00e2neos negativos!<\/p>\n<p><strong>Hormonal:<\/strong>\u00a0Acontece muitas vezes em mulheres gr\u00e1vidas, havendo recupera\u00e7\u00e3o ap\u00f3s o parto.<\/p>\n<p><strong>Infecciosa:<\/strong>\u00a0Rinite que acompanha quadro de febre e indisposi\u00e7\u00e3o devido a viroses respirat\u00f3rias.<\/p>\n<p>[\/et_pb_text][\/et_pb_column_inner][et_pb_column_inner type=&#8221;1_2&#8243; saved_specialty_column_type=&#8221;2_3&#8243;][et_pb_text admin_label=&#8221;Tipos de Rinite&#8221; background_layout=&#8221;light&#8221; text_orientation=&#8221;left&#8221; use_border_color=&#8221;off&#8221; border_color=&#8221;#ffffff&#8221; border_style=&#8221;solid&#8221;]<\/p>\n<h3>TIPOS DE RINITE<\/h3>\n<p><strong>Rinite Al\u00e9rgica<\/strong><\/p>\n<p>\u00c9 a forma mais comum de rinite. Causada geralmente por al\u00e9rgenos presentes no ar, como o p\u00f3len, \u00e1caros e a pr\u00f3pria descama\u00e7\u00e3o da pele de animais, mas tamb\u00e9m pode ser provocada devido \u00e0 rea\u00e7\u00e3o a produtos qu\u00edmicos, cigarros e rem\u00e9dios.<\/p>\n<ul>\n<li>Sazonal<\/li>\n<li>Perene<\/li>\n<\/ul>\n<p><strong>Rinite N\u00e3o Al\u00e9rgica<\/strong><\/p>\n<p>Geralmente \u00e9 causada por inflama\u00e7\u00e3o que n\u00e3o decorre de alergia ou por problemas na pr\u00f3pria anatomia das vias nasais.<\/p>\n<ul>\n<li>Vasomotora<\/li>\n<li>Medicamentosa<\/li>\n<li>Hormonal<\/li>\n<li>Infecciosa<\/li>\n<\/ul>\n<p>[\/et_pb_text][et_pb_text admin_label=&#8221;Cuidados com o ambiente na alergia respirat\u00f3ria&#8221; background_layout=&#8221;light&#8221; text_orientation=&#8221;left&#8221; use_border_color=&#8221;off&#8221; border_color=&#8221;#ffffff&#8221; border_style=&#8221;solid&#8221;]<\/p>\n<h3>CUIDADOS COM O AMBIENTE NA ALERGIA RESPIRAT\u00d3RIA<\/h3>\n<ul>\n<li>Limpar a casa somente com pano \u00famido, sem produtos de limpeza<\/li>\n<li>Manter a pessoa al\u00e9rgica fora de casa durante a limpeza<\/li>\n<li>Manter o quarto limpo sem poeira<\/li>\n<li>Lavar roupa de cama semanalmente, com \u00e1gua quente<\/li>\n<li>Retirar livros do quarto<\/li>\n<li>Eliminar tapetes e cortinas que juntem p\u00f3<\/li>\n<li>Animais mantidos fora da casa<\/li>\n<li>Trocar travesseiro de penas por de espuma (fronha apropriada anti- \u00e1caros)<\/li>\n<li>Manter filtros de ar condicionado limpos<\/li>\n<li>Reduzir umidade em casa (desumidificador)<\/li>\n<li>N\u00e3o fumar na casa ou no autom\u00f3vel<\/li>\n<li>Evitar baratas<\/li>\n<\/ul>\n<p>[\/et_pb_text][\/et_pb_column_inner][\/et_pb_row_inner][\/et_pb_column][\/et_pb_section]<\/p>\n","protected":false},"excerpt":{"rendered":"<p>O QUE \u00c9 RINITE? \u00c9 um termo m\u00e9dico que descreve a irrita\u00e7\u00e3o e inflama\u00e7\u00e3o cr\u00f4nica ou aguda da mucosa nasal. \u00c9 uma doen\u00e7a que pode ser causada tanto por v\u00edrus como por bact\u00e9rias, embora seja manifestada com mais frequ\u00eancia em decorr\u00eancia de alergia por rea\u00e7\u00f5es ao p\u00f3, p\u00f3lens e outros agentes ambientais. A inflama\u00e7\u00e3o decorrente [&hellip;]<\/p>\n","protected":false},"author":1,"featured_media":0,"parent":72,"menu_order":1,"comment_status":"closed","ping_status":"closed","template":"","meta":{"_et_pb_use_builder":"on","_et_pb_old_content":"","_et_gb_content_width":"","footnotes":""},"class_list":["post-82","page","type-page","status-publish","hentry"],"_links":{"self":[{"href":"https:\/\/dnareference.com.br\/clinica\/wp-json\/wp\/v2\/pages\/82"}],"collection":[{"href":"https:\/\/dnareference.com.br\/clinica\/wp-json\/wp\/v2\/pages"}],"about":[{"href":"https:\/\/dnareference.com.br\/clinica\/wp-json\/wp\/v2\/types\/page"}],"author":[{"embeddable":true,"href":"https:\/\/dnareference.com.br\/clinica\/wp-json\/wp\/v2\/users\/1"}],"replies":[{"embeddable":true,"href":"https:\/\/dnareference.com.br\/clinica\/wp-json\/wp\/v2\/comments?post=82"}],"version-history":[{"count":21,"href":"https:\/\/dnareference.com.br\/clinica\/wp-json\/wp\/v2\/pages\/82\/revisions"}],"predecessor-version":[{"id":265,"href":"https:\/\/dnareference.com.br\/clinica\/wp-json\/wp\/v2\/pages\/82\/revisions\/265"}],"up":[{"embeddable":true,"href":"https:\/\/dnareference.com.br\/clinica\/wp-json\/wp\/v2\/pages\/72"}],"wp:attachment":[{"href":"https:\/\/dnareference.com.br\/clinica\/wp-json\/wp\/v2\/media?parent=82"}],"curies":[{"name":"wp","href":"https:\/\/api.w.org\/{rel}","templated":true}]}}