{"id":72,"date":"2016-12-05T02:01:03","date_gmt":"2016-12-05T04:01:03","guid":{"rendered":"https:\/\/dnareference.com.br\/?page_id=72"},"modified":"2017-03-01T11:05:33","modified_gmt":"2017-03-01T14:05:33","slug":"doencas-alergicas","status":"publish","type":"page","link":"https:\/\/dnareference.com.br\/clinica\/atendimento\/doencas-alergicas\/","title":{"rendered":"Doen\u00e7as Al\u00e9rgicas"},"content":{"rendered":"<p>[et_pb_section admin_label=&#8221;Rinite&#8221; fullwidth=&#8221;on&#8221; specialty=&#8221;off&#8221; transparent_background=&#8221;off&#8221; allow_player_pause=&#8221;off&#8221; inner_shadow=&#8221;off&#8221; parallax=&#8221;off&#8221; parallax_method=&#8221;off&#8221; padding_mobile=&#8221;off&#8221; make_fullwidth=&#8221;off&#8221; use_custom_width=&#8221;off&#8221; width_unit=&#8221;on&#8221; make_equal=&#8221;off&#8221; use_custom_gutter=&#8221;off&#8221;][et_pb_fullwidth_post_title admin_label=&#8221;T\u00edtulo da P\u00e1gina de Largura Inteira&#8221; title=&#8221;on&#8221; meta=&#8221;off&#8221; author=&#8221;on&#8221; date=&#8221;on&#8221; categories=&#8221;on&#8221; comments=&#8221;on&#8221; featured_image=&#8221;off&#8221; featured_placement=&#8221;below&#8221; parallax_effect=&#8221;on&#8221; parallax_method=&#8221;on&#8221; text_orientation=&#8221;center&#8221; text_color=&#8221;dark&#8221; text_background=&#8221;off&#8221; text_bg_color=&#8221;rgba(255,255,255,0.9)&#8221; module_bg_color=&#8221;#e02b20&#8243; title_all_caps=&#8221;off&#8221; use_border_color=&#8221;off&#8221; border_color=&#8221;#ffffff&#8221; border_style=&#8221;solid&#8221; title_font_size=&#8221;30px&#8221; title_font=&#8221;|on|||&#8221; title_text_color=&#8221;#ffffff&#8221;] [\/et_pb_fullwidth_post_title][\/et_pb_section][et_pb_section admin_label=&#8221;section&#8221;][et_pb_row admin_label=&#8221;Linha&#8221;][et_pb_column type=&#8221;1_4&#8243;][et_pb_sidebar admin_label=&#8221;Barra Lateral&#8221;] [\/et_pb_sidebar][\/et_pb_column][et_pb_column type=&#8221;3_4&#8243;][et_pb_text admin_label=&#8221;Texto&#8221; background_layout=&#8221;light&#8221; text_orientation=&#8221;left&#8221; use_border_color=&#8221;off&#8221; border_color=&#8221;#ffffff&#8221; border_style=&#8221;solid&#8221;]<\/p>\n<p>As doen\u00e7as al\u00e9rgicas mais comuns ou mais complexas podem ser tratadas, desde que o diagn\u00f3stico preciso seja feito.<\/p>\n<p>As causas das urtic\u00e1rias e dos eczemas nem sempre s\u00e3o bem reconhecidas.<\/p>\n<p>A imunologia cl\u00ednica \u00e9 ci\u00eancia dif\u00edcil, por isso a experi\u00eancia do m\u00e9dico \u00e9 fundamental.<\/p>\n<p>Saiba mais navegando no menu ao lado.<\/p>\n<p>&nbsp;<\/p>\n<p>[\/et_pb_text][\/et_pb_column][\/et_pb_row][\/et_pb_section]<\/p>\n","protected":false},"excerpt":{"rendered":"<p>As doen\u00e7as al\u00e9rgicas mais comuns ou mais complexas podem ser tratadas, desde que o diagn\u00f3stico preciso seja feito. As causas das urtic\u00e1rias e dos eczemas nem sempre s\u00e3o bem reconhecidas. A imunologia cl\u00ednica \u00e9 ci\u00eancia dif\u00edcil, por isso a experi\u00eancia do m\u00e9dico \u00e9 fundamental. Saiba mais navegando no menu ao lado. &nbsp;<\/p>\n","protected":false},"author":1,"featured_media":0,"parent":41,"menu_order":1,"comment_status":"closed","ping_status":"closed","template":"","meta":{"_et_pb_use_builder":"on","_et_pb_old_content":"","_et_gb_content_width":"","footnotes":""},"class_list":["post-72","page","type-page","status-publish","hentry"],"_links":{"self":[{"href":"https:\/\/dnareference.com.br\/clinica\/wp-json\/wp\/v2\/pages\/72"}],"collection":[{"href":"https:\/\/dnareference.com.br\/clinica\/wp-json\/wp\/v2\/pages"}],"about":[{"href":"https:\/\/dnareference.com.br\/clinica\/wp-json\/wp\/v2\/types\/page"}],"author":[{"embeddable":true,"href":"https:\/\/dnareference.com.br\/clinica\/wp-json\/wp\/v2\/users\/1"}],"replies":[{"embeddable":true,"href":"https:\/\/dnareference.com.br\/clinica\/wp-json\/wp\/v2\/comments?post=72"}],"version-history":[{"count":7,"href":"https:\/\/dnareference.com.br\/clinica\/wp-json\/wp\/v2\/pages\/72\/revisions"}],"predecessor-version":[{"id":562,"href":"https:\/\/dnareference.com.br\/clinica\/wp-json\/wp\/v2\/pages\/72\/revisions\/562"}],"up":[{"embeddable":true,"href":"https:\/\/dnareference.com.br\/clinica\/wp-json\/wp\/v2\/pages\/41"}],"wp:attachment":[{"href":"https:\/\/dnareference.com.br\/clinica\/wp-json\/wp\/v2\/media?parent=72"}],"curies":[{"name":"wp","href":"https:\/\/api.w.org\/{rel}","templated":true}]}}