{"id":549,"date":"2017-03-01T10:10:24","date_gmt":"2017-03-01T13:10:24","guid":{"rendered":"https:\/\/dnareference.com.br\/clinica\/?page_id=549"},"modified":"2017-03-01T10:57:31","modified_gmt":"2017-03-01T13:57:31","slug":"sindrome-latex-fruta","status":"publish","type":"page","link":"https:\/\/dnareference.com.br\/clinica\/atendimento\/doencas-alergicas\/sindrome-latex-fruta\/","title":{"rendered":"S\u00edndrome Latex &#038; Fruta"},"content":{"rendered":"<p>[et_pb_section admin_label=&#8221;Rinite&#8221; fullwidth=&#8221;on&#8221; specialty=&#8221;off&#8221; transparent_background=&#8221;off&#8221; allow_player_pause=&#8221;off&#8221; inner_shadow=&#8221;off&#8221; parallax=&#8221;off&#8221; parallax_method=&#8221;off&#8221; padding_mobile=&#8221;off&#8221; make_fullwidth=&#8221;off&#8221; use_custom_width=&#8221;off&#8221; width_unit=&#8221;on&#8221; make_equal=&#8221;off&#8221; use_custom_gutter=&#8221;off&#8221;][et_pb_fullwidth_post_title admin_label=&#8221;T\u00edtulo da P\u00e1gina de Largura Inteira&#8221; title=&#8221;on&#8221; meta=&#8221;off&#8221; author=&#8221;on&#8221; date=&#8221;on&#8221; categories=&#8221;on&#8221; comments=&#8221;on&#8221; featured_image=&#8221;off&#8221; featured_placement=&#8221;below&#8221; parallax_effect=&#8221;on&#8221; parallax_method=&#8221;on&#8221; text_orientation=&#8221;center&#8221; text_color=&#8221;dark&#8221; text_background=&#8221;off&#8221; text_bg_color=&#8221;rgba(255,255,255,0.9)&#8221; module_bg_color=&#8221;#e02b20&#8243; title_all_caps=&#8221;off&#8221; use_border_color=&#8221;off&#8221; border_color=&#8221;#ffffff&#8221; border_style=&#8221;solid&#8221; title_font_size=&#8221;30px&#8221; title_font=&#8221;|on|||&#8221; title_text_color=&#8221;#ffffff&#8221;] [\/et_pb_fullwidth_post_title][\/et_pb_section][et_pb_section admin_label=&#8221;section&#8221;][et_pb_row admin_label=&#8221;Linha&#8221;][et_pb_column type=&#8221;1_3&#8243;][et_pb_sidebar admin_label=&#8221;Barra Lateral&#8221; orientation=&#8221;left&#8221; area=&#8221;sidebar-1&#8243; background_layout=&#8221;light&#8221; remove_border=&#8221;off&#8221;] [\/et_pb_sidebar][\/et_pb_column][et_pb_column type=&#8221;2_3&#8243;][et_pb_text admin_label=&#8221;S\u00edndrome L\u00e1tex-frutas&#8221; background_layout=&#8221;light&#8221; text_orientation=&#8221;left&#8221; use_border_color=&#8221;off&#8221; border_color=&#8221;#ffffff&#8221; border_style=&#8221;solid&#8221;]<\/p>\n<h3>O QUE \u00c9 S\u00cdNDROME LATEX &amp; FRUTAS<\/h3>\n<p><img loading=\"lazy\" decoding=\"async\" class=\"alignnone wp-image-430 size-full\" src=\"https:\/\/dnareference.com.br\/clinica\/wp-content\/uploads\/sites\/3\/2016\/12\/DoencasAlergicas_Anafilaxia_Latex.jpg\" width=\"700\" height=\"275\" srcset=\"https:\/\/dnareference.com.br\/clinica\/wp-content\/uploads\/sites\/3\/2016\/12\/DoencasAlergicas_Anafilaxia_Latex.jpg 700w, https:\/\/dnareference.com.br\/clinica\/wp-content\/uploads\/sites\/3\/2016\/12\/DoencasAlergicas_Anafilaxia_Latex-300x118.jpg 300w\" sizes=\"(max-width: 700px) 100vw, 700px\" \/><\/p>\n<p>Rea\u00e7\u00f5es al\u00e9rgicas ao l\u00e1tex da borracha e a algumas frutas.<\/p>\n<p>A agente dessa alergia \u00e9 a prote\u00edna <em>Hevea brasiliensis<\/em>, existente na borracha e liberada durante sua extra\u00e7\u00e3o. \u00c9 uma prote\u00edna de defesa da \u00e1rvore da borracha e que sensibiliza algumas pessoas, que ficam al\u00e9rgicas e, por rea\u00e7\u00e3o cruzada, reagem com diversas prote\u00ednas existentes em certas frutas. Logo, quem tem alergia ao l\u00e1tex da borracha, pode ter uma rea\u00e7\u00e3o comendo uma fruta como a banana. \u00c9 como se fosse uma rea\u00e7\u00e3o da natureza contra a retirada do l\u00e1tex das \u00e1rvores.<\/p>\n<p>Essa doen\u00e7a apareceu ap\u00f3s o in\u00edcio do uso extensivo de luvas de baixa qualidade. O produto que causa alergia fica entre o talco da luva e \u00e9 aspirado pela pessoa causando a sintomatologia.<\/p>\n<p>Alguns hospitais j\u00e1 contam com salas de cirurgia \u201cl\u00e1tex free\u201d, onde s\u00e3o operados pacientes que tem alergia ao l\u00e1tex. Nessas salas est\u00e1 proibido o uso de qualquer instrumento ou ampola de rem\u00e9dio que contenha borracha de l\u00e1tex.<\/p>\n<h5><\/h5>\n<p>[\/et_pb_text][et_pb_text admin_label=&#8221;Sintomas&#8221; background_layout=&#8221;light&#8221; text_orientation=&#8221;left&#8221; use_border_color=&#8221;off&#8221; border_color=&#8221;#ffffff&#8221; border_style=&#8221;solid&#8221;]<\/p>\n<h3>SINTOMAS DA S\u00cdNDROME LATEX &amp; FRUTAS<\/h3>\n<p>Os sintomas s\u00e3o muito parecidos, tanto pela exposi\u00e7\u00e3o \u00e0s frutas como ao latex, e podem se manifestar isolados ou combinados:<\/p>\n<ul>\n<li><a href=\"https:\/\/dnareference.com.br\/clinica\/atendimento\/doencas-alergicas\/rinite\/\">Rinite<\/a>;<\/li>\n<li><a href=\"https:\/\/dnareference.com.br\/clinica\/atendimento\/doencas-alergicas\/urticarias-e-angioedemas\/\">Urtic\u00e1ria<\/a>;<\/li>\n<li><a href=\"https:\/\/dnareference.com.br\/clinica\/atendimento\/doencas-alergicas\/urticarias-e-angioedemas\/\">Angioedema<\/a>;<\/li>\n<li><a href=\"\/clinica\/atendimento\/doencas-alergicas\/anafilaxia\/\">Anafilaxia<\/a> com edema de glote, perda dos sentidos e falta de ar.<\/li>\n<\/ul>\n<p>[\/et_pb_text][et_pb_text admin_label=&#8221;Associa\u00e7\u00e3o Latex Frutas&#8221; background_layout=&#8221;light&#8221; text_orientation=&#8221;left&#8221; use_border_color=&#8221;off&#8221; border_color=&#8221;#ffffff&#8221; border_style=&#8221;solid&#8221;]<\/p>\n<h3>CAUSAS DA S\u00cdNDROME LATEX &amp; FRUTAS<\/h3>\n<p>Exposi\u00e7\u00e3o a determinadas\u00a0frutas e\u00a0ao latex, em suas variadas apresenta\u00e7\u00f5es.<\/p>\n<h4>Latex<\/h4>\n<p><img loading=\"lazy\" decoding=\"async\" class=\"alignnone size-full wp-image-559\" src=\"https:\/\/dnareference.com.br\/clinica\/wp-content\/uploads\/sites\/3\/2017\/03\/DoencasAlergicas_SindromeLatexFrutas.jpg\" alt=\"\" width=\"698\" height=\"275\" srcset=\"https:\/\/dnareference.com.br\/clinica\/wp-content\/uploads\/sites\/3\/2017\/03\/DoencasAlergicas_SindromeLatexFrutas.jpg 698w, https:\/\/dnareference.com.br\/clinica\/wp-content\/uploads\/sites\/3\/2017\/03\/DoencasAlergicas_SindromeLatexFrutas-300x118.jpg 300w\" sizes=\"(max-width: 698px) 100vw, 698px\" \/><\/p>\n<ul>\n<li>Luvas;<\/li>\n<li>Borrachas;<\/li>\n<li>Bal\u00f5es de anivers\u00e1rio;<\/li>\n<li>Preservativo (camisinha);<\/li>\n<li>Bicos de mamadeiras;<\/li>\n<li>Bicos (chupetas);<\/li>\n<li>Qualquer outro material feito de borracha, derivado do latex.<\/li>\n<\/ul>\n<h4><\/h4>\n<h4>Frutas<\/h4>\n<h3>\u00a0<img loading=\"lazy\" decoding=\"async\" class=\"alignnone wp-image-433 size-full\" src=\"https:\/\/dnareference.com.br\/clinica\/wp-content\/uploads\/sites\/3\/2016\/12\/DoencasAlergicas_Anafilaxia_Frutas.jpg\" width=\"700\" height=\"275\" srcset=\"https:\/\/dnareference.com.br\/clinica\/wp-content\/uploads\/sites\/3\/2016\/12\/DoencasAlergicas_Anafilaxia_Frutas.jpg 700w, https:\/\/dnareference.com.br\/clinica\/wp-content\/uploads\/sites\/3\/2016\/12\/DoencasAlergicas_Anafilaxia_Frutas-300x118.jpg 300w\" sizes=\"(max-width: 700px) 100vw, 700px\" \/><\/h3>\n<p><strong>Alta<\/strong>: banana, abacate, castanha, kiwi.<\/p>\n<p><strong>Moderada<\/strong>: ma\u00e7\u00e3, cenoura, aipo, mam\u00e3o papaia, batata, tomate, mel\u00e3o.<\/p>\n<p><strong>Baixa<\/strong>: p\u00eassego, pera, manga, pimenta; centeio, ameixa, trigo; cereja, girassol, abacaxi, soja; frutas c\u00edtricas, coco, figo, uva, or\u00e9gano, nectarina.<\/p>\n<p>[\/et_pb_text][\/et_pb_column][\/et_pb_row][\/et_pb_section]<\/p>\n","protected":false},"excerpt":{"rendered":"<p>O QUE \u00c9 S\u00cdNDROME LATEX &amp; FRUTAS Rea\u00e7\u00f5es al\u00e9rgicas ao l\u00e1tex da borracha e a algumas frutas. A agente dessa alergia \u00e9 a prote\u00edna Hevea brasiliensis, existente na borracha e liberada durante sua extra\u00e7\u00e3o. \u00c9 uma prote\u00edna de defesa da \u00e1rvore da borracha e que sensibiliza algumas pessoas, que ficam al\u00e9rgicas e, por rea\u00e7\u00e3o cruzada, [&hellip;]<\/p>\n","protected":false},"author":1,"featured_media":0,"parent":72,"menu_order":0,"comment_status":"closed","ping_status":"closed","template":"","meta":{"_et_pb_use_builder":"on","_et_pb_old_content":"","_et_gb_content_width":"","footnotes":""},"class_list":["post-549","page","type-page","status-publish","hentry"],"_links":{"self":[{"href":"https:\/\/dnareference.com.br\/clinica\/wp-json\/wp\/v2\/pages\/549"}],"collection":[{"href":"https:\/\/dnareference.com.br\/clinica\/wp-json\/wp\/v2\/pages"}],"about":[{"href":"https:\/\/dnareference.com.br\/clinica\/wp-json\/wp\/v2\/types\/page"}],"author":[{"embeddable":true,"href":"https:\/\/dnareference.com.br\/clinica\/wp-json\/wp\/v2\/users\/1"}],"replies":[{"embeddable":true,"href":"https:\/\/dnareference.com.br\/clinica\/wp-json\/wp\/v2\/comments?post=549"}],"version-history":[{"count":6,"href":"https:\/\/dnareference.com.br\/clinica\/wp-json\/wp\/v2\/pages\/549\/revisions"}],"predecessor-version":[{"id":561,"href":"https:\/\/dnareference.com.br\/clinica\/wp-json\/wp\/v2\/pages\/549\/revisions\/561"}],"up":[{"embeddable":true,"href":"https:\/\/dnareference.com.br\/clinica\/wp-json\/wp\/v2\/pages\/72"}],"wp:attachment":[{"href":"https:\/\/dnareference.com.br\/clinica\/wp-json\/wp\/v2\/media?parent=549"}],"curies":[{"name":"wp","href":"https:\/\/api.w.org\/{rel}","templated":true}]}}